{"id":175,"date":"2014-09-21T16:43:21","date_gmt":"2014-09-21T14:43:21","guid":{"rendered":"http:\/\/xn--oberbrgermeister-tbingen-zscn.de\/?page_id=175"},"modified":"2014-10-13T00:42:33","modified_gmt":"2014-10-12T22:42:33","slug":"termine","status":"publish","type":"page","link":"https:\/\/xn--oberbrgermeister-tbingen-zscn.de\/?page_id=175","title":{"rendered":"Termine"},"content":{"rendered":"<p>13.10. \u2013 18.10. Schwarzw\u00e4lder Kirschtorten-Backorgie bei T\u00fcbinger B\u00fcrgerinnen und B\u00fcrgern<\/p>\n<p>15.10. &#8211; 20h &#8211; Runder Tisch Kultur<\/p>\n<p>16.10. &#8211; ab 16.30h &#8211; Alternativer Dies &#8211; Moderation f\u00fcr die W\u00fcste Welle<\/p>\n<p>17.10.\u00a0 &#8211; 17:30-19:00h: Podium OB-Wahl bei der W\u00fcsten Welle (freies Radio T\u00fcbingen)<\/p>\n<p><strong>17.10. &#8211; 20:30 Pausenhof (Eberhardstr. 25) &#8211; \u00d6FFENTLICHE STAMMTISCHSITZUNG &#8222;Unser Huhn&#8220;<\/strong><\/p>\n<p>18.10. \u2013 12:00h Wahlkampfstand Holzmarkt<\/p>\n<p>18.10. \u2013 20:00h H\u00e4ns-D\u00e4mpf-Konzert im Sudhaus.<\/p>\n<p>19.10. \u2013 OB-Wahl: Wahlkampfparty (Parkgastst\u00e4tte) ab 20h<\/p>\n<p>&nbsp;<\/p>\n<p>&nbsp;<\/p>\n<p><strong>Schon erledigt:<\/strong><\/p>\n<p>10.09. \u2013 16.00h Ortsbegehung in Bebenhausen mit Wolfgang G. Wettach<\/p>\n<p>10.09. \u2013 20.00h T\u00fcbinger Themen \u2013 Podiumsdiskussion \u2013 T\u00fcbinger Themen (im Lamm)<\/p>\n<p>11.09. \u2013 10.30h Vorstellung Wahlprogramm (einen Tag vor Boris Palmer!)\/ Parkgastst\u00e4tte<\/p>\n<p>12.09. &#8211; 14.09. Teilnahme am BundesPARTEITag und \u00dcbergabe des Wahlkampfbudgets von vollen 5\u20ac durch Martin Sonneborn.<\/p>\n<p>21.09. \u2013 Teilnahme des OB-Kandidaten am Stadtlauf (mit Anzug nat\u00fcrlich) (Innenstadt, Mensa, Altstadt). Anschlie\u00dfend: Stand beim Provenzalischen Markt ABGESAGT WEGEN KRANKHEIT!<\/p>\n<p>23.09. \u2013 18:00 Im Kreissparkassen Carre: RTF.1-Talk: Wechsel oder &#8222;Weiter so&#8220;?<\/p>\n<p>27.09. \u2013 12:00h Wahlkampfstand Holzmarkt (Abends Lesung in Esslingen mit Peter Mendelsohn, Vorort von T\u00fcbingen)<\/p>\n<p>01.10. \u2013 20:00h Offizielle Kandidatenvorstellung in der Hermann-Hepper-Halle<\/p>\n<p>03.10. \u2013 20:00h Trinkstube cum Tempore: Kulturveranstaltung mit dem Stammtisch \u201eUnser Huhn\u201c (u.a. mit J\u00fcrgen Jonas)<\/p>\n<p>04.10. \u2013 12:00h Wahlkampfstand Holzmarkt<\/p>\n<p>04.10. &#8211; 20:30h Besuch der Walter Tigers (Spiel gegen Bonn) &#8211; Der Sieg ist sicher!<\/p>\n<p>06.10. &#8211; 19:00h Tagblatt im Kreissparkassen Carre &#8211; Kurzvorstellung D\u00e4mpf (anschlie\u00dfend muss ich wieder in den Kulturausschuss im Zuge meiner T\u00e4tigkeit als Stadtrat f\u00fcr die PARTEI)<\/p>\n<p>09.10. &#8211; 22:00h M\u00fcnze bzw. Blauer Salon\/T\u00fcbingen<\/p>\n<p>10.10. &#8211; Kneipentour. Treffpunkt, 19h Neckarm\u00fcller<\/p>\n<p>11.10. \u2013 Kneipentour II<\/p>\n","protected":false},"excerpt":{"rendered":"<p>13.10. \u2013 18.10. Schwarzw\u00e4lder Kirschtorten-Backorgie bei T\u00fcbinger B\u00fcrgerinnen und B\u00fcrgern 15.10. &#8211; 20h &#8211; Runder Tisch Kultur 16.10. &#8211; ab 16.30h &#8211; Alternativer Dies &#8211; Moderation f\u00fcr die W\u00fcste Welle 17.10.\u00a0 &#8211; 17:30-19:00h: Podium OB-Wahl bei der W\u00fcsten Welle (freies &hellip; <a href=\"https:\/\/xn--oberbrgermeister-tbingen-zscn.de\/?page_id=175\">Weiterlesen <span class=\"meta-nav\">&rarr;<\/span><\/a><\/p>\n","protected":false},"author":1,"featured_media":0,"parent":0,"menu_order":0,"comment_status":"open","ping_status":"open","template":"","meta":[],"_links":{"self":[{"href":"https:\/\/xn--oberbrgermeister-tbingen-zscn.de\/index.php?rest_route=\/wp\/v2\/pages\/175"}],"collection":[{"href":"https:\/\/xn--oberbrgermeister-tbingen-zscn.de\/index.php?rest_route=\/wp\/v2\/pages"}],"about":[{"href":"https:\/\/xn--oberbrgermeister-tbingen-zscn.de\/index.php?rest_route=\/wp\/v2\/types\/page"}],"author":[{"embeddable":true,"href":"https:\/\/xn--oberbrgermeister-tbingen-zscn.de\/index.php?rest_route=\/wp\/v2\/users\/1"}],"replies":[{"embeddable":true,"href":"https:\/\/xn--oberbrgermeister-tbingen-zscn.de\/index.php?rest_route=%2Fwp%2Fv2%2Fcomments&post=175"}],"version-history":[{"count":9,"href":"https:\/\/xn--oberbrgermeister-tbingen-zscn.de\/index.php?rest_route=\/wp\/v2\/pages\/175\/revisions"}],"predecessor-version":[{"id":256,"href":"https:\/\/xn--oberbrgermeister-tbingen-zscn.de\/index.php?rest_route=\/wp\/v2\/pages\/175\/revisions\/256"}],"wp:attachment":[{"href":"https:\/\/xn--oberbrgermeister-tbingen-zscn.de\/index.php?rest_route=%2Fwp%2Fv2%2Fmedia&parent=175"}],"curies":[{"name":"wp","href":"https:\/\/api.w.org\/{rel}","templated":true}]}}